{"id":42,"date":"2020-02-04T07:06:41","date_gmt":"2020-02-04T07:06:41","guid":{"rendered":"http:\/\/hermann-von-salza.vcp-starkenburg.de\/?page_id=42"},"modified":"2023-11-26T20:36:31","modified_gmt":"2023-11-26T20:36:31","slug":"die-gruppen","status":"publish","type":"page","link":"https:\/\/hermann-von-salza.vcp-starkenburg.de\/?page_id=42","title":{"rendered":"Die Gruppen"},"content":{"rendered":"\n<p>Unsere Gruppen freuen sich immer \u00fcber neue Mitglieder. Wenn du Interesse hast, mal eine Gruppenstunde mitzuerleben, dann schreibe uns gerne vorab eine Mail an <strong>vcpnauheim@gmail.com<\/strong><\/p>\n\n\n\n<figure class=\"wp-block-table\"><table><tbody><tr><td><strong>Jahrgang<\/strong><\/td><td><strong>Gruppe<\/strong><\/td><td><strong>Termin<\/strong><\/td><\/tr><tr><td>2014-2017<\/td><td>Ameisen<\/td><td>Donnerstag 17:15-18:15 Uhr<\/td><\/tr><tr><td>2011-2013<\/td><td>Heringe<\/td><td>Donnerstag 18:30-19:30 Uhr<\/td><\/tr><tr><td>2008-2010<\/td><td>Siebenschl\u00e4fer<\/td><td>Donnerstag 18:30-19:30 Uhr<\/td><\/tr><tr><td>2004-2007<\/td><td>Pikas<\/td><td>Montag 17:45-18:45 Uhr<\/td><\/tr><tr><td>2001-2004<\/td><td>Lemuren<\/td><td>Freitag 20:00 Uhr<\/td><\/tr><tr><td>ab 16 Jahren<\/td><td>Stammesleitung<\/td><td>nach Absprache<\/td><\/tr><\/tbody><\/table><\/figure>\n\n\n\n<p><strong>Die Heringe<\/strong><\/p>\n\n\n\n<p>Die Heringe wurden 2019 gegr\u00fcndet. Die Gruppe umfasst circa 10 Mitglieder der Jahrg\u00e4nge 2011-2013, die ihre Gruppenstunden immer donnerstags von 16:30 Uhr bis 18:00 Uhr abhalten. In den Gruppenstunden lernen wir, uns auf unseren ersten Lagern zurechtzufinden, verschiedene Zelte aufzubauen und auf Feuer zu kochen. Dennoch kommt auch bei uns das Spielen und Basteln nicht zu kurz.&nbsp;<\/p>\n\n\n\n<p><strong>Die Siebenschl\u00e4fer<\/strong><\/p>\n\n\n\n<p>Seit 2013 gibt es nun schon die Gruppe, welche den Namen Siebenschl\u00e4fer (Jahrgang 2008-2010) tr\u00e4gt, in unserem Stamm. Die Gruppenstunden finden jeden Donnerstag von 18:00 Uhr-19:00 Uhr auf dem Pfarrgel\u00e4nde der evangelischen Kirchengemeinde in Nauheim statt und behandeln Themen \u00fcber den Umgang mit der Natur und den Mitmenschen. Dabei wird viel Wert auf Spa\u00df und spielerische Abwechslung gelegt. So entwickeln die Kinder ihr Gruppengef\u00fchl weiter und machen neue Bekanntschaften mit Gleichaltrigen. Mehrmals im Jahr f\u00e4hrt die Gruppe mit dem restlichen Stamm auf verschiedenste Lager (stammesintern, regional, landes- und bundesweit), bei denen Sie die M\u00f6glichkeit haben, Pfadfinder anderer Pfadfinderst\u00e4mme kennen zu lernen.<\/p>\n\n\n\n<p><strong>Die Pikas<\/strong><\/p>\n\n\n\n<p>Die Pikas sind Jugendliche der Jahrg\u00e4nge 2004-2007 und treffen sich immer montags von 17:45 Uhr bis 18:45 Uhr. Ihre Gruppenstunden gestalten sie weitestgehend selbst und befassen sich mit fortgeschritteneren pfadfinderischen Themen, wie beispielsweise dem Zeltaufbau aus improvisiertem Material und sie planen eigene Aktionen, wie eine Wanderung im Winter. Die Pikas sind aktuell zu acht und motivierte Jugendliche sind jederzeit willkommen.<\/p>\n\n\n\n<p><strong>Die Lemuren <\/strong><\/p>\n\n\n\n<p>Die Lemuren sind aktuell unsere \u00e4lteste Gruppe und treffen sich seit 2010 freitags um circa 20:00 Uhr nach der Stammesleiterrunde. Sie bestehen aus mittlerweile jungen Erwachsenen der Jahrg\u00e4nge 2001 bis 2004. In ihren Gruppenstunden planen sie Aktionen f\u00fcr ihre Gruppe, machen Ausfl\u00fcge zur stammeseigenen H\u00fctte im Wald oder genie\u00dfen nach einer ereignisreichen Pfadfinderwoche auch einfach die Zeit als Gruppe und vertiefen sich in eine Partie Risiko.<br><\/p>\n\n\n\n<p><strong>Die Stammesleitung<\/strong><\/p>\n\n\n\n<p>Die Stammesleiterrunde besteht aus allen ehrenamtlich Aktiven im Stamm, wie Gruppenleiter*innen und Matw\u00e4rt*innen. Jeden Freitag um 18:15 Uhr werden hier die Ereignisse der Woche besprochen und k\u00fcnftige Aktionen geplant. Wer Lust hat, sich bei uns zu engagieren und eine Gruppe zu leiten, ein Lager zu planen, oder sich andersweitig einzubringen oder schon erwachsen ist und uns als Stamm einfach mal kennenlernen m\u00f6chte, ist (nach einer Voranmeldung) hierzu herzlich eingeladen.<\/p>\n","protected":false},"excerpt":{"rendered":"<p>Unsere Gruppen freuen sich immer \u00fcber neue Mitglieder. Wenn du Interesse hast, mal eine Gruppenstunde mitzuerleben, dann schreibe uns gerne vorab eine Mail an vcpnauheim@gmail.com Jahrgang Gruppe Termin 2014-2017 Ameisen Donnerstag 17:15-18:15 Uhr 2011-2013 Heringe Donnerstag 18:30-19:30 Uhr 2008-2010 Siebenschl\u00e4fer Donnerstag 18:30-19:30 Uhr 2004-2007 Pikas Montag 17:45-18:45 Uhr 2001-2004 Lemuren Freitag 20:00 Uhr ab 16 &hellip; <\/p>\n<p class=\"link-more\"><a href=\"https:\/\/hermann-von-salza.vcp-starkenburg.de\/?page_id=42\" class=\"more-link\"><span class=\"screen-reader-text\">\u201eDie Gruppen\u201c<\/span> weiterlesen<\/a><\/p>\n","protected":false},"author":3,"featured_media":0,"parent":0,"menu_order":0,"comment_status":"closed","ping_status":"closed","template":"","meta":{"footnotes":""},"class_list":["post-42","page","type-page","status-publish","hentry"],"_links":{"self":[{"href":"https:\/\/hermann-von-salza.vcp-starkenburg.de\/index.php?rest_route=\/wp\/v2\/pages\/42","targetHints":{"allow":["GET"]}}],"collection":[{"href":"https:\/\/hermann-von-salza.vcp-starkenburg.de\/index.php?rest_route=\/wp\/v2\/pages"}],"about":[{"href":"https:\/\/hermann-von-salza.vcp-starkenburg.de\/index.php?rest_route=\/wp\/v2\/types\/page"}],"author":[{"embeddable":true,"href":"https:\/\/hermann-von-salza.vcp-starkenburg.de\/index.php?rest_route=\/wp\/v2\/users\/3"}],"replies":[{"embeddable":true,"href":"https:\/\/hermann-von-salza.vcp-starkenburg.de\/index.php?rest_route=%2Fwp%2Fv2%2Fcomments&post=42"}],"version-history":[{"count":23,"href":"https:\/\/hermann-von-salza.vcp-starkenburg.de\/index.php?rest_route=\/wp\/v2\/pages\/42\/revisions"}],"predecessor-version":[{"id":188,"href":"https:\/\/hermann-von-salza.vcp-starkenburg.de\/index.php?rest_route=\/wp\/v2\/pages\/42\/revisions\/188"}],"wp:attachment":[{"href":"https:\/\/hermann-von-salza.vcp-starkenburg.de\/index.php?rest_route=%2Fwp%2Fv2%2Fmedia&parent=42"}],"curies":[{"name":"wp","href":"https:\/\/api.w.org\/{rel}","templated":true}]}}

<p>Unsere Gruppen freuen sich immer über neue Mitglieder. Wenn du Interesse hast, mal eine Gruppenstunde mitzuerleben, dann schreibe uns gerne vorab eine Mail an <strong>vcpnauheim@gmail.com</strong></p>



<figure class="wp-block-table"><table><tbody><tr><td><strong>Jahrgang</strong></td><td><strong>Gruppe</strong></td><td><strong>Termin</strong></td></tr><tr><td>2014-2017</td><td>Ameisen</td><td>Donnerstag 17:15-18:15 Uhr</td></tr><tr><td>2011-2013</td><td>Heringe</td><td>Donnerstag 18:30-19:30 Uhr</td></tr><tr><td>2008-2010</td><td>Siebenschläfer</td><td>Donnerstag 18:30-19:30 Uhr</td></tr><tr><td>2004-2007</td><td>Pikas</td><td>Montag 17:45-18:45 Uhr</td></tr><tr><td>2001-2004</td><td>Lemuren</td><td>Freitag 20:00 Uhr</td></tr><tr><td>ab 16 Jahren</td><td>Stammesleitung</td><td>nach Absprache</td></tr></tbody></table></figure>



<p><strong>Die Heringe</strong></p>



<p>Die Heringe wurden 2019 gegründet. Die Gruppe umfasst circa 10 Mitglieder der Jahrgänge 2011-2013, die ihre Gruppenstunden immer donnerstags von 16:30 Uhr bis 18:00 Uhr abhalten. In den Gruppenstunden lernen wir, uns auf unseren ersten Lagern zurechtzufinden, verschiedene Zelte aufzubauen und auf Feuer zu kochen. Dennoch kommt auch bei uns das Spielen und Basteln nicht zu kurz.&nbsp;</p>



<p><strong>Die Siebenschläfer</strong></p>



<p>Seit 2013 gibt es nun schon die Gruppe, welche den Namen Siebenschläfer (Jahrgang 2008-2010) trägt, in unserem Stamm. Die Gruppenstunden finden jeden Donnerstag von 18:00 Uhr-19:00 Uhr auf dem Pfarrgelände der evangelischen Kirchengemeinde in Nauheim statt und behandeln Themen über den Umgang mit der Natur und den Mitmenschen. Dabei wird viel Wert auf Spaß und spielerische Abwechslung gelegt. So entwickeln die Kinder ihr Gruppengefühl weiter und machen neue Bekanntschaften mit Gleichaltrigen. Mehrmals im Jahr fährt die Gruppe mit dem restlichen Stamm auf verschiedenste Lager (stammesintern, regional, landes- und bundesweit), bei denen Sie die Möglichkeit haben, Pfadfinder anderer Pfadfinderstämme kennen zu lernen.</p>



<p><strong>Die Pikas</strong></p>



<p>Die Pikas sind Jugendliche der Jahrgänge 2004-2007 und treffen sich immer montags von 17:45 Uhr bis 18:45 Uhr. Ihre Gruppenstunden gestalten sie weitestgehend selbst und befassen sich mit fortgeschritteneren pfadfinderischen Themen, wie beispielsweise dem Zeltaufbau aus improvisiertem Material und sie planen eigene Aktionen, wie eine Wanderung im Winter. Die Pikas sind aktuell zu acht und motivierte Jugendliche sind jederzeit willkommen.</p>



<p><strong>Die Lemuren </strong></p>



<p>Die Lemuren sind aktuell unsere älteste Gruppe und treffen sich seit 2010 freitags um circa 20:00 Uhr nach der Stammesleiterrunde. Sie bestehen aus mittlerweile jungen Erwachsenen der Jahrgänge 2001 bis 2004. In ihren Gruppenstunden planen sie Aktionen für ihre Gruppe, machen Ausflüge zur stammeseigenen Hütte im Wald oder genießen nach einer ereignisreichen Pfadfinderwoche auch einfach die Zeit als Gruppe und vertiefen sich in eine Partie Risiko.<br></p>



<p><strong>Die Stammesleitung</strong></p>



<p>Die Stammesleiterrunde besteht aus allen ehrenamtlich Aktiven im Stamm, wie Gruppenleiter*innen und Matwärt*innen. Jeden Freitag um 18:15 Uhr werden hier die Ereignisse der Woche besprochen und künftige Aktionen geplant. Wer Lust hat, sich bei uns zu engagieren und eine Gruppe zu leiten, ein Lager zu planen, oder sich andersweitig einzubringen oder schon erwachsen ist und uns als Stamm einfach mal kennenlernen möchte, ist (nach einer Voranmeldung) hierzu herzlich eingeladen.</p>

<p>Unsere Gruppen freuen sich immer über neue Mitglieder. Wenn du Interesse hast, mal eine Gruppenstunde mitzuerleben, dann schreibe uns gerne vorab eine Mail an vcpnauheim@gmail.com Jahrgang Gruppe Termin 2014-2017 Ameisen Donnerstag 17:15-18:15 Uhr 2011-2013 Heringe Donnerstag 18:30-19:30 Uhr 2008-2010 Siebenschläfer Donnerstag 18:30-19:30 Uhr 2004-2007 Pikas Montag 17:45-18:45 Uhr 2001-2004 Lemuren Freitag 20:00 Uhr ab 16 &hellip; </p>
<p class="link-more"><a href="https://hermann-von-salza.vcp-starkenburg.de/?page_id=42" class="more-link"><span class="screen-reader-text">„Die Gruppen“</span> weiterlesen</a></p>
