{"id":10,"date":"2020-02-02T19:50:35","date_gmt":"2020-02-02T19:50:35","guid":{"rendered":"http:\/\/hermann-von-salza.vcp-starkenburg.de\/?page_id=10"},"modified":"2020-02-04T08:19:49","modified_gmt":"2020-02-04T08:19:49","slug":"was-sind-pfadfinder","status":"publish","type":"page","link":"https:\/\/hermann-von-salza.vcp-starkenburg.de\/?page_id=10","title":{"rendered":"Was sind Pfadfinder?"},"content":{"rendered":"\n<p>&#8222;Ein&nbsp;<strong>Pfadfinder<\/strong>&nbsp;ist ein Angeh\u00f6riger einer internationalen, religi\u00f6s und politisch unabh\u00e4ngigen Erziehungsbewegung f\u00fcr Kinder und Jugendliche, die Menschen aller Nationalit\u00e4ten und Glaubensrichtungen offensteht. Ziel der&nbsp;Pfadfinderbewegung&nbsp;ist die F\u00f6rderung der Entwicklung junger Menschen, damit diese in der Gesellschaft Verantwortung \u00fcbernehmen k\u00f6nnen.<\/p>\n\n\n\n<p>Das erste Pfadfinderlager wurde 1907 von\u00a0Robert Baden-Powell, einem britischen General, auf der englischen Insel\u00a0Brownsea Island\u00a0durchgef\u00fchrt. Baden-Powell entwickelte aus den Erfahrungen dieses Lagers in seinem 1908 erschienenen Buch\u00a0<em>Scouting for Boys<\/em>\u00a0eine eigenst\u00e4ndige Methodik, die als\u00a0Pfadfindermethode\u00a0bezeichnet wird. In der ersten H\u00e4lfte des 20. Jahrhunderts breitete sich die Pfadfinderbewegung auf der ganzen Welt aus. Sie wurde schon nach wenigen Jahren in drei Altersstufen gegliedert, um altersgerechte Lern- und Erlebnisr\u00e4ume zu schaffen.Zur Pfadfinderbewegung geh\u00f6rten 2011 weltweit mehr als 41 Millionen Kinder und Jugendliche aus 216 L\u00e4ndern und Territorien in zahlreichen nationalen und internationalen\u00a0Jugendverb\u00e4nden, die im Wesentlichen in zwei weltweiten Dachverb\u00e4nden zusammengeschlossen waren: der\u00a0World Association of Girl Guides and Girl Scouts\u00a0und der\u00a0World Organization of the Scout Movement. Etwa 300 Millionen Menschen haben bis heute der Pfadfinderbewegung angeh\u00f6rt. Nur in f\u00fcnf Staaten gab es 2016 keine Pfadfinderverb\u00e4nde:\u00a0Andorra,\u00a0Volksrepublik China,\u00a0Kuba,\u00a0Laos\u00a0und\u00a0Nordkorea.&#8220; <\/p>\n\n\n\n<p>&#8211; Wikipedia<\/p>\n","protected":false},"excerpt":{"rendered":"<p>&#8222;Ein&nbsp;Pfadfinder&nbsp;ist ein Angeh\u00f6riger einer internationalen, religi\u00f6s und politisch unabh\u00e4ngigen Erziehungsbewegung f\u00fcr Kinder und Jugendliche, die Menschen aller Nationalit\u00e4ten und Glaubensrichtungen offensteht. Ziel der&nbsp;Pfadfinderbewegung&nbsp;ist die F\u00f6rderung der Entwicklung junger Menschen, damit diese in der Gesellschaft Verantwortung \u00fcbernehmen k\u00f6nnen. Das erste Pfadfinderlager wurde 1907 von\u00a0Robert Baden-Powell, einem britischen General, auf der englischen Insel\u00a0Brownsea Island\u00a0durchgef\u00fchrt. Baden-Powell entwickelte aus &hellip; <\/p>\n<p class=\"link-more\"><a href=\"https:\/\/hermann-von-salza.vcp-starkenburg.de\/?page_id=10\" class=\"more-link\"><span class=\"screen-reader-text\">\u201eWas sind Pfadfinder?\u201c<\/span> weiterlesen<\/a><\/p>\n","protected":false},"author":2,"featured_media":0,"parent":0,"menu_order":0,"comment_status":"closed","ping_status":"closed","template":"","meta":{"footnotes":""},"class_list":["post-10","page","type-page","status-publish","hentry"],"_links":{"self":[{"href":"https:\/\/hermann-von-salza.vcp-starkenburg.de\/index.php?rest_route=\/wp\/v2\/pages\/10","targetHints":{"allow":["GET"]}}],"collection":[{"href":"https:\/\/hermann-von-salza.vcp-starkenburg.de\/index.php?rest_route=\/wp\/v2\/pages"}],"about":[{"href":"https:\/\/hermann-von-salza.vcp-starkenburg.de\/index.php?rest_route=\/wp\/v2\/types\/page"}],"author":[{"embeddable":true,"href":"https:\/\/hermann-von-salza.vcp-starkenburg.de\/index.php?rest_route=\/wp\/v2\/users\/2"}],"replies":[{"embeddable":true,"href":"https:\/\/hermann-von-salza.vcp-starkenburg.de\/index.php?rest_route=%2Fwp%2Fv2%2Fcomments&post=10"}],"version-history":[{"count":3,"href":"https:\/\/hermann-von-salza.vcp-starkenburg.de\/index.php?rest_route=\/wp\/v2\/pages\/10\/revisions"}],"predecessor-version":[{"id":64,"href":"https:\/\/hermann-von-salza.vcp-starkenburg.de\/index.php?rest_route=\/wp\/v2\/pages\/10\/revisions\/64"}],"wp:attachment":[{"href":"https:\/\/hermann-von-salza.vcp-starkenburg.de\/index.php?rest_route=%2Fwp%2Fv2%2Fmedia&parent=10"}],"curies":[{"name":"wp","href":"https:\/\/api.w.org\/{rel}","templated":true}]}}

<p>&#8222;Ein&nbsp;<strong>Pfadfinder</strong>&nbsp;ist ein Angehöriger einer internationalen, religiös und politisch unabhängigen Erziehungsbewegung für Kinder und Jugendliche, die Menschen aller Nationalitäten und Glaubensrichtungen offensteht. Ziel der&nbsp;Pfadfinderbewegung&nbsp;ist die Förderung der Entwicklung junger Menschen, damit diese in der Gesellschaft Verantwortung übernehmen können.</p>



<p>Das erste Pfadfinderlager wurde 1907 von Robert Baden-Powell, einem britischen General, auf der englischen Insel Brownsea Island durchgeführt. Baden-Powell entwickelte aus den Erfahrungen dieses Lagers in seinem 1908 erschienenen Buch <em>Scouting for Boys</em> eine eigenständige Methodik, die als Pfadfindermethode bezeichnet wird. In der ersten Hälfte des 20. Jahrhunderts breitete sich die Pfadfinderbewegung auf der ganzen Welt aus. Sie wurde schon nach wenigen Jahren in drei Altersstufen gegliedert, um altersgerechte Lern- und Erlebnisräume zu schaffen.Zur Pfadfinderbewegung gehörten 2011 weltweit mehr als 41 Millionen Kinder und Jugendliche aus 216 Ländern und Territorien in zahlreichen nationalen und internationalen Jugendverbänden, die im Wesentlichen in zwei weltweiten Dachverbänden zusammengeschlossen waren: der World Association of Girl Guides and Girl Scouts und der World Organization of the Scout Movement. Etwa 300 Millionen Menschen haben bis heute der Pfadfinderbewegung angehört. Nur in fünf Staaten gab es 2016 keine Pfadfinderverbände: Andorra, Volksrepublik China, Kuba, Laos und Nordkorea.&#8220; </p>



<p>&#8211; Wikipedia</p>

<p>&#8222;Ein&nbsp;Pfadfinder&nbsp;ist ein Angehöriger einer internationalen, religiös und politisch unabhängigen Erziehungsbewegung für Kinder und Jugendliche, die Menschen aller Nationalitäten und Glaubensrichtungen offensteht. Ziel der&nbsp;Pfadfinderbewegung&nbsp;ist die Förderung der Entwicklung junger Menschen, damit diese in der Gesellschaft Verantwortung übernehmen können. Das erste Pfadfinderlager wurde 1907 von Robert Baden-Powell, einem britischen General, auf der englischen Insel Brownsea Island durchgeführt. Baden-Powell entwickelte aus &hellip; </p>
<p class="link-more"><a href="https://hermann-von-salza.vcp-starkenburg.de/?page_id=10" class="more-link"><span class="screen-reader-text">„Was sind Pfadfinder?“</span> weiterlesen</a></p>
